*2 + y - 1. What is the tens digit of x(d)?
4
Suppose -42*n + 124911 = 5211. What is the units digit of n?
0
Suppose 0*k = -k + 8. Suppose -4*m = -5*h + 13, -h + 4*m + k = -1. Let s(q) = 18*q + 2. What is the units digit of s(h)?
0
What is the units digit of (-8)/5*(-26)/104*4335?
4
Let r(c) = c**2 - 6*c. Suppose 0*o = -2*o + 2*j + 6, 5*j = o + 1. Suppose -o*p + 36 = -0*p. What is the units digit of r(p)?
7
Let o(q) = q**3 - 40*q**2 + 32*q + 170. What is the units digit of o(40)?
0
Let i(q) be the second derivative of 0 - 5*q + 2*q**2 - 1/12*q**4 + 2/3*q**3. What is the units digit of i(3)?
7
Suppose 0 = y + 2*y - 12. Let m(l) = -16*l + 7. Let s be m(y). Let x = -35 - s. What is the units digit of x?
2
Suppose v - 2*k + 0 = -4, -5*v = -3*k - 1. Suppose 2*g = -0*g + 18. Suppose 0 = v*x - 1 - g. What is the units digit of x?
5
Let h(a) = 16*a - 2. Suppose -8 = -l - 6. Let s be h(l). Suppose 2*q - s = 4. What is the units digit of q?
7
Let k be (-80)/(-24)*(-12)/(-10). Suppose 0 = -k*y + y + 285. What is the units digit of y?
5
Let z be (257/(-2) + 2)*(3 - 1). Let u = z - -360. What is the hundreds digit of u?
1
Let d(w) = -340*w**3 - w**2 - w - 1. Let v be d(-1). Suppose 2*n = 5*n - v. Suppose -4*p + n = 3*r - 3*p, -r + 19 = 5*p. What is the tens digit of r?
3
Suppose -4*q + 18 = -2*i, -5*q + 3*i = 11 - 35. Let z(n) = 9*n**2 + n + 2. What is the tens digit of z(q)?
8
What is the tens digit of 1*6701 + 381/127?
0
Suppose 8 - 4 = 4*b. What is the units digit of -8*b/4*-6?
2
Let y(o) = 28*o + 61. What is the units digit of y(15)?
1
Let d be 2 + 10/5 + 209. Suppose -401 = -5*l + 3*t, -2*l + t + d = 53. What is the tens digit of l?
7
Let v = 172 + 10. What is the tens digit of v?
8
Let t(m) = m**3 + 4*m**2 - 2*m - 4. Let b be t(3). Suppose -d + 14 = 2*x, -5*x + 0*x = -2*d - b. What is the units digit of x?
9
Let q be 1 - (-3)/(12/(-4)). Let h = q + 3. Suppose -d - 28 = -3*c, -h*c - c + 2*d = -34. What is the units digit of c?
1
Let r(t) = -40*t + 14. Let w be r(-4). Suppose -2*l - 4*z + w = 0, 60 + 74 = 2*l - 4*z. What is the units digit of l?
7
Let h(p) = -4*p**3 - 14*p**2 - 11*p - 9. What is the units digit of h(-4)?
7
Let g be (-4*5/(-40))/(2/456). Suppose -3*t + 117 = -g. What is the units digit of t?
7
Let a be (-49)/(-14) + (-2)/(-4). Suppose -3*j = -a*l - 92, -8*l + 3*l = -j + 38. What is the tens digit of j?
2
Let c(o) = o**3 + 11*o**2 + 6*o - 2. What is the units digit of c(-10)?
8
Let p = 2 + 1. Let o(k) = 11*k. Let v be o(p). Let i = v - 8. What is the units digit of i?
5
Let j be 2 - 4/(-4*1). Suppose 4*h - j*t + t = 14, t + 25 = 5*h. What is the units digit of -24*h/(-9) - 3?
3
Let a = 2992 - 1817. What is the units digit of a?
5
Suppose -2*p + 0 = -8. Suppose -i + 2 - p = 0. What is the units digit of ((-2)/i)/(1/59)?
9
What is the units digit of (-760)/(-12)*(10 - 8/(-1))?
0
Suppose 0 = 2*f + 2*q - 1738, 34*f - 36*f + 4*q = -1738. What is the units digit of f?
9
Let s(j) be the second derivative of -j**6/720 - j**5/30 + j**4/2 + 7*j. Let b(w) be the third derivative of s(w). What is the units digit of b(-6)?
2
Let a = 33 + -19. Suppose -o - 1976 = -a*o. What is the tens digit of o?
5
Let o = -2035 - -4670. What is the tens digit of o?
3
Let l be 32 + 1 + 1 + 2 + -3. Suppose -28*i - 220 = -l*i. What is the units digit of i?
4
Let f = 88 + -92. What is the tens digit of (91 + 0)/((-3 - -1)/f)?
8
What is the tens digit of (-30 + 34)/((-2)/(-34))?
6
Let b(i) = i**3 - 3*i**2 - 5. Let p be b(4). Suppose 3*g - p - 106 = 0. What is the tens digit of g?
3
Suppose 70*i = 3*i + 94805. What is the units digit of i?
5
Let b = -395 + 793. What is the units digit of b?
8
Suppose 4*x = 129 - 549. Let f = x + 216. Suppose -f = -5*a - 31. What is the units digit of a?
6
Let l(f) = -3*f + 6. Let u be l(4). Let m(a) = -8*a - 9. Let c(z) = 2*z - 1. Let v(p) = -c(p) + m(p). What is the units digit of v(u)?
2
Suppose -4*a + 59 = -b, a = -4*a + 5*b + 85. Let d(m) = m**2 + 16*m + 36. Let c be d(-14). Let v = c + a. What is the tens digit of v?
2
Suppose 14*v = 19*v - 8010. What is the hundreds digit of v?
6
Let u = 0 + 5. Let r be 82 - u/((-15)/(-6)). Suppose -5*i + r = -i. What is the units digit of i?
0
Suppose 5*z - 2*g = 35, -4*z + 2*g = -3*g - 45. Let f(x) be the first derivative of x**3/3 - x**2/2 - 1. What is the units digit of f(z)?
0
Suppose 27*v - 22379 - 10777 = 0. What is the thousands digit of v?
1
Let o(c) = 16*c + 4 - 17*c - 1 + 0. Let v be (-1)/(-2)*(-25 - -1). What is the units digit of o(v)?
5
Suppose 4*n = d + 4057 + 6903, 3*d = -4*n + 10944. What is the hundreds digit of n?
7
Let z be (33/22 + (-2)/4)*-174. What is the tens digit of (z/9)/(3/36*-2)?
1
Suppose 4*z - 2*f - 2 = 0, -5*z + 0*f + 3 = -3*f. Suppose o + 2*o = z. Suppose o = -10*t + 7*t + 231. What is the units digit of t?
7
Suppose 336 = -4*q + 2*y, 93 = -5*q + 2*y - 328. Let v = q - -203. What is the tens digit of v?
1
What is the units digit of (6 - 3420/(-25))/((-4)/(-10))?
7
Suppose 29*t + 11270 - 87279 = 0. What is the hundreds digit of t?
6
Suppose 5486 = 12*m - 8734. What is the thousands digit of m?
1
Let u(i) be the first derivative of 3*i**3 + i**2/2 + i + 1. Let o be u(2). Suppose 0 = -3*f + 2*s + 30 + o, 0 = s. What is the tens digit of f?
2
Let x = 3757 + -1994. What is the hundreds digit of x?
7
Let x(b) = 21*b + 296. What is the units digit of x(5)?
1
Let i = -164 + 261. What is the units digit of i?
7
Let r be 2*(3 + -2)/1. Suppose 5*h = -5*k - 90, -3*k + r*h - 20 = -k. Let o(w) = w**3 + 14*w**2 - 3*w - 10. What is the tens digit of o(k)?
3
Let t(d) = 467*d + 3. Let j be t(1). Suppose -4*c + j = c. What is the tens digit of c?
9
Suppose -2*j - 2*s = -0*s, -5*j = 2*s. Suppose -f + j*i = -i - 48, 0 = -4*f - 3*i + 220. What is the tens digit of f?
5
Let g(j) = -j**3 - 3*j**2 + 2. Let b be g(-1). Suppose 2*d - 4*k + 29 = 241, -d - 3*k + 86 = b. What is the units digit of d?
8
Let b(k) = 18*k - 15. Let o(y) = 9*y - 7. Let a(m) = -2*b(m) + 5*o(m). What is the units digit of a(18)?
7
Let a = 89 + 226. What is the hundreds digit of a?
3
Let s be 4 - 1*(0 - 1). Suppose -5*y - 5*o = -45, 0 = -s*y + 2*y + 3*o - 3. Suppose -x - y*x + 165 = 0. What is the tens digit of x?
3
Let b(p) be the second derivative of p**4/24 + 9*p**3/2 - 2*p**2 + 3*p. Let z(f) be the first derivative of b(f). What is the tens digit of z(12)?
3
Let k(r) be the first derivative of r**2/2 - 2*r + 11. Let y be k(8). What is the units digit of ((-112)/(-21))/(2/y)?
6
Suppose 4*w + 5*i - 4954 + 409 = 0, 2*i = -w + 1137. What is the units digit of w?
5
Suppose 75*s = 73*s + 1234. What is the tens digit of s?
1
Suppose -4*z = 5 + 3. Let b be (-3*(-30)/(-9))/z. Suppose 3*o + 20 = b*d, -4*o = 2*d - 4 - 4. What is the units digit of d?
4
Let l(d) be the first derivative of -d**6/360 - d**5/15 + 3*d**4/8 - 4*d**3/3 - 4. Let w(h) be the third derivative of l(h). What is the tens digit of w(-7)?
1
Suppose -8*p + 4356 = 3*p. What is the tens digit of p?
9
Suppose -256412 = -58*l + 6*l. What is the thousands digit of l?
4
Suppose 16 = 4*k - i, 3*k + 13 = 2*k - 4*i. What is the tens digit of 3 + (-24)/k - -25?
2
Suppose 665 = 5*x - 2625. What is the units digit of x?
8
Let a = -12 - -15. Suppose -3*y = -a*t + 192, 2*t + 5*y + 81 = 209. What is the tens digit of t?
6
Let r(b) = 153*b**2 - 26*b - 68. What is the units digit of r(-3)?
7
Let w be 10 - 6 - 0/(-2). Suppose 3*m - w*b = 523, -b - 176 = 2*m - 3*m. What is the hundreds digit of m?
1
Suppose 4*t = -5*s + 20, -5*t = s - 0*s - 4. Suppose 5*q - 3*f = 503, t = -q - 2*q - 3*f + 321. What is the units digit of q?
3
Let d(l) be the third derivative of -l**4/2 - l**3/6 - 4*l**2. What is the tens digit of d(-5)?
5
Let x = 1056 - -949. What is the tens digit of x?
0
Suppose -5*l = -5*m - 10790, 0 = 5*l + 45*m - 48*m - 10798. What is the units digit of l?
2
Let q = -8 + 12. Suppose -146 = -q*t - a + 46, -4*t + 184 = 3*a. What is the tens digit of t?
4
Let x(c) = 33*c**3 + 2*c**2 - 3*c + 7. What is the units digit of x(2)?
3
Let m(c) = -c**3 - 14*c**2 + 20*c + 12. Suppose -5 - 27 = 2*u. What is the tens digit of m(u)?
0
What is the tens digit of (-334 + 3)*(-2 + 0 - -1)?
3
Let u(h) = -5*h**2 + 6*h + 1418. What is the hundreds digit of u(0)?
4
Suppose 5*y - 12*y = -42. L